mmon factor of d and s.
14
Suppose -3*u + 22*n - 21*n = -759, -4*u + 3*n = -1007. What is the greatest common factor of u and 1?
1
Let x = 29 + -53. Let f be (396/(-16) - -2)/(3/x). Calculate the highest common divisor of 26 and f.
26
Suppose -14*g + 709 + 243 = 0. What is the highest common divisor of g and 238?
34
Let c(s) be the first derivative of s**2/2 - 5*s - 25. Let p be c(8). Calculate the highest common divisor of p and 21.
3
Let t = 771 + -719. Calculate the greatest common factor of 1 and t.
1
Let x(u) = 2*u**2 + 2*u - 2. Let f be x(3). Let v = -13 - -11. Let p be ((-53)/(-1) - v)*2. What is the highest common divisor of f and p?
22
Suppose -2*s - s = -258. Suppose -x + 15 = k - 4, 4*x + s = 5*k. Calculate the highest common factor of 324 and k.
18
Let y = 508 + -318. Suppose 5*i = -b + y, -3*b - 5*i - 530 = -6*b. Calculate the highest common divisor of 18 and b.
18
Let o(a) = a - 5. Let v be o(-5). Let w be (0 - (-78)/v)*(-3 - 2). What is the highest common divisor of 65 and w?
13
Let c = -44 - -114. Let m(x) = 110*x - 2406. Let s be m(22). Calculate the greatest common factor of s and c.
14
Let k(o) = -2*o - 5. Let j be k(-8). Suppose j - 21 = -5*c. Suppose 4*v - 24 = c*v. What is the highest common divisor of 108 and v?
12
Let n(r) = 3*r**2 + 8*r + 13. Let p be n(-13). What is the greatest common divisor of 52 and p?
52
Let r be 72 - 15 - (-10 + 2). What is the highest common factor of 143 and r?
13
Suppose 0 = -3*j + 5*j - 20. Let t(a) = -a**2 + 11*a. Let g be t(j). Let v be (15/g)/((-2)/(-28)). What is the greatest common factor of 3 and v?
3
Suppose -2*q - 5*p - 16 + 51 = 0, 5 = -p. Calculate the highest common divisor of 345 and q.
15
Suppose 0 = -2*p - f + 12, -3*f = 2*p - p - 11. Suppose 0*x + p*x = 650. Calculate the greatest common factor of 52 and x.
26
Let j = -47 - -96. Let o = -43 + j. What is the highest common divisor of 48 and o?
6
Let h(j) = -115*j + 228*j + 5 - 114*j. Let o be h(-2). Calculate the highest common divisor of o and 35.
7
Let g = 24 + -30. Let q be (-20)/30 + (-136)/g. Calculate the greatest common divisor of 242 and q.
22
Suppose -x + 21*q - 16*q + 3428 = 0, -x - q + 3440 = 0. What is the greatest common divisor of x and 18?
18
Let g = 10 + -5. Let u = 344 - 259. Suppose 15 + u = 4*j. Calculate the highest common factor of g and j.
5
Let o(v) = v**2 + 6*v + 2. Let i = 2 - 8. Let t be o(i). Suppose -4*q = 5*b - 71, 0 = -q + 2*b - 20 + 28. What is the greatest common factor of q and t?
2
Let x be (-2)/5 - (7 - 827/5). What is the highest common factor of 79 and x?
79
Suppose -4*w + 3*y + 31 = -2*y, 3*w + y = 9. Let j be w - (0/(-2) + 2). Calculate the highest common divisor of j and 14.
2
Let k be (-4)/(-5)*(-45)/(-6). Suppose -5*u + 3*u = -k, -7 = -r + u. What is the greatest common factor of 70 and r?
10
Suppose -4*i - 84 + 240 = -5*h, -5*i = -5*h - 155. Let y be (h/12)/4*-36. Let x be ((-3)/(-2))/(6/32). What is the greatest common divisor of y and x?
8
Suppose 96 = -2*i + 5*i. Let j be 318/(-14) - 2/7. Let l = j + i. Calculate the highest common factor of l and 9.
9
Let p(n) = n**3 + 2*n**2 - 3*n - 2. Let d be p(-2). Suppose -21 = x + 5*z, -5*x + d*z + 58 = 18. What is the greatest common factor of x and 1?
1
Let b be ((-9)/3)/3*31. Let z = b - -43. Suppose 0 = 19*i - 20*i + z. What is the greatest common divisor of 108 and i?
12
Let i(s) = 50*s**2 - 2*s + 2. Let p be i(1). Let m be (-20)/p - (-432)/5. Let g = 46 + m. What is the highest common divisor of g and 12?
12
Suppose 0 = h + 62*h - 756. Calculate the greatest common divisor of h and 348.
12
Let b(d) = d**2 - 28*d + 85. Let x be b(3). Let j(k) = 18*k - 4. Let m be j(3). What is the greatest common divisor of x and m?
10
Let f(g) = -g**2 + 4*g + 7. Let o be f(3). Let b(w) = 2*w**3 - 5*w**2 + 5*w + 2. Let j be b(4). What is the highest common factor of o and j?
10
Let i = 416 - 391. What is the greatest common factor of 1175 and i?
25
Let r(j) = 5*j**2 + 2*j + 5. Let g be r(-4). Suppose 0 = 9*d - 72 - 27. Calculate the greatest common factor of d and g.
11
Let u = 386 - 379. What is the highest common factor of u and 1015?
7
Let x be (18 + -49)/(1/(-1)). What is the greatest common divisor of x and 93?
31
Suppose -333*r + 337*r = 8. What is the greatest common divisor of r and 10?
2
Let s = 248 + -72. Let i = 46 + -24. What is the greatest common factor of i and s?
22
Suppose -5*i - 61 = y, -i = -4*y - y + 7. Let q be (i/2 - -1)*-1. Let t = 1 + q. Calculate the highest common divisor of 54 and t.
6
Let p be 21/(-3)*(-80)/14. Let y = p - 12. Suppose 5*c - c = 28. What is the highest common factor of c and y?
7
Let n = -13573 - -13638. Suppose -3*t + t = -26. Calculate the greatest common factor of n and t.
13
Let v(a) = -a + 8. Suppose 2*n + 6 = 16. Let i be v(n). Suppose -i*y + 45 = 5*q, -4*q + 13 + 10 = 5*y. What is the highest common factor of q and 3?
3
Let u = 6 + 10. What is the highest common factor of u and 104?
8
Suppose -19*w = 22*w - 14432. Calculate the greatest common divisor of 154 and w.
22
Let i(l) be the first derivative of -l**3/3 - 2*l**2 - 9*l + 6. Let o be i(-4). Let w be 1978/9 + (-2)/o. Calculate the highest common divisor of w and 20.
20
Let y = 102 + -42. Suppose -2*x = 3*x - y. Suppose -3*z + 5*s = 8*s - 87, -89 = -3*z - s. What is the greatest common factor of z and x?
6
Suppose 0 = 6*u - 55 + 307. Let n = -13 - u. Let c = -15 + n. Calculate the greatest common factor of 35 and c.
7
Suppose 33*m - 256 - 140 = 0. Calculate the greatest common divisor of 768 and m.
12
Let j be 6/(-5)*(-10)/3. Let d be 84/(-7)*(-2)/j. Suppose d*i = 3*i + 96. Calculate the highest common divisor of 48 and i.
16
Let s be (3 - -40) + -2 - 2. Let j = -39 - -51. Let h be 284/11 - j/(-66). Calculate the greatest common divisor of s and h.
13
Let p be (-59)/(-3) + 1/3. Let z be 36/1 + 0 - -4. Calculate the highest common divisor of p and z.
20
Suppose -54 = -f - 3*v, -f + 98 = -5*v + 20. Let z = -36 + f. What is the highest common factor of z and 108?
27
Let m(o) = -o**3 - 14*o**2 + 5*o + 106. Let h be m(-14). What is the greatest common divisor of 117 and h?
9
Suppose -4*s - a + 44 = 0, a = -3*s + 2*a + 33. Calculate the highest common factor of 275 and s.
11
Suppose 2*p + 5*h - 48 = 78, 210 = 3*p - 3*h. Let q(a) = -a**2 + 8*a + 170. Let b be q(0). Calculate the greatest common divisor of b and p.
34
Let u = -1 + 3. Let s(x) = 3*x**3 - 4*x**2 + 3*x. Let k be s(u). What is the highest common divisor of 2 and k?
2
Suppose 88 = 3*h - 4*d, -h - 3*h = 4*d - 164. Let o be (-38553)/(-355) + (-3)/5. Calculate the highest common divisor of h and o.
36
Let g = 2 - 0. Let o(m) = 7*m**g + m**3 + 3*m + 6*m - 4 - 5*m. Let r be o(-6). What is the greatest common factor of r and 8?
8
Suppose 0 = 18*p - p - 3111. Calculate the greatest common divisor of 244 and p.
61
Suppose 0 = -i + 7*i + 18. Let m be (-2*i/6)/(-1) - -11. Calculate the greatest common divisor of m and 30.
10
Suppose 4*w - 20 = 56. What is the greatest common divisor of w and 209?
19
Suppose 5*v - 23 = 3*c, -4*v + 4*c + 12 = -2*v. What is the greatest common divisor of v and 280?
4
Let l be ((-8)/10)/((-1)/5). Suppose -d + 6 - l = 0. Let m be (-22)/(-11) - (0 - d). What is the greatest common factor of m and 6?
2
Let v = -18 - -90. Suppose -8 + 44 = 4*p. Calculate the highest common divisor of v and p.
9
Let j = -50 - -105. Let q = -3 + 20. Let i = -12 + q. Calculate the highest common factor of i and j.
5
Suppose -4*x + 340 = -4*s, -2*x + 74 + 94 = -4*s. Calculate the greatest common factor of x and 473.
43
Let k be (2*3)/(2/9). Suppose 48 = x - 60. What is the greatest common factor of k and x?
27
Let j(z) = 30*z - 60. Let x be j(5). Calculate the highest common divisor of x and 240.
30
Suppose 0 = -7*j - 832 + 34. Suppose 0 = -a + 2. Let v be a/(-4) - j/4. Calculate the greatest common factor of v and 140.
28
Let v(k) = -k**2 - 32*k - 117. Let w be v(-14). Calculate the greatest common divisor of 375 and w.
15
Let n be (-74)/2 + (75/5)/5. Let a = n + 37. What is the highest common divisor of 1 and a?
1
Let n(h) = 8*h - 19. Let l be n(4). Calculate the highest common divisor of 26 and l.
13
Let m be ((-675)/125)/(6/(-230)). Calculate the highest common factor of m and 23.
23
Let m be